{"id":175,"date":"2016-02-15T06:15:10","date_gmt":"2016-02-15T06:15:10","guid":{"rendered":"https:\/\/brando.themezaa.com\/spa\/?page_id=175"},"modified":"2026-01-21T17:36:19","modified_gmt":"2026-01-21T17:36:19","slug":"blog","status":"publish","type":"page","link":"https:\/\/paradalamanzana.com\/?page_id=175","title":{"rendered":"Nuestro Blog"},"content":{"rendered":"<section class=\"brando-row-1 no-padding\"><div class=\"container\"><div class=\"row\"><div class=\"wpb_column brando-column-container brando-column-1 vc_col-sm-12 vc_col-xs-12 no-padding\" data-front-class=\"brando-column-container brando-column-1 no-padding\"><div class=\"vc-column-innner-wrapper\"><div class=\"wpd-innner-wrapper\"><div class=\"post-7116 post type-post status-publish format-standard has-post-thumbnail hentry category-turismo-en-samana\"><article class=\"blog-listing brando-blog-1\"><div class=\"col-md-2 col-sm-2 col-xs-12 text-center alt-font overflow-hidden no-padding-left sm-no-padding md-no-padding\"><div class=\"post-date xs-margin-lr-auto xs-no-margin-top fast-yellow-text published\"><span>21<\/span><div class=\"brando-date-month\">Ene 2026<\/div><\/div><time class=\"updated display-none\" datetime=\"2026-01-21T17:23:09+00:00\">Ene 2026<\/time><\/div><div class=\"col-md-10 col-sm-10 col-xs-12 post-details no-padding-right xs-no-padding-left margin-twelve-bottom xs-margin-eighteen-bottom\"><span class=\"alt-font display-block title-small xs-text-extra-large font-weight-600 sm-text-medium xs-text-center margin-four-bottom entry-title\"><a href=\"https:\/\/paradalamanzana.com\/?p=7116\">Alianza estrat\u00e9gica para fortalecer el turismo en Saman\u00e1: sector tur\u00edstico y prensa especializada unen esfuerzos<\/a><\/span><div class=\"blog-image\"><a href=\"https:\/\/paradalamanzana.com\/?p=7116\"><img loading=\"lazy\" decoding=\"async\" width=\"1080\" height=\"810\" src=\"https:\/\/paradalamanzana.com\/wp-content\/uploads\/2026\/01\/1766029928585.jpg\" class=\"attachment-full size-full wp-post-image\" alt=\"\" srcset=\"https:\/\/paradalamanzana.com\/wp-content\/uploads\/2026\/01\/1766029928585.jpg 1080w, https:\/\/paradalamanzana.com\/wp-content\/uploads\/2026\/01\/1766029928585-300x225.jpg 300w, https:\/\/paradalamanzana.com\/wp-content\/uploads\/2026\/01\/1766029928585-1024x768.jpg 1024w, https:\/\/paradalamanzana.com\/wp-content\/uploads\/2026\/01\/1766029928585-768x576.jpg 768w, https:\/\/paradalamanzana.com\/wp-content\/uploads\/2026\/01\/1766029928585-420x315.jpg 420w, https:\/\/paradalamanzana.com\/wp-content\/uploads\/2026\/01\/1766029928585-933x700.jpg 933w, https:\/\/paradalamanzana.com\/wp-content\/uploads\/2026\/01\/1766029928585-155x116.jpg 155w\" sizes=\"auto, (max-width: 1080px) 100vw, 1080px\" \/><\/a><\/div><div class=\"margin-five-tb xs-margin-three-tb entry-content\"><p>El desarrollo tur\u00edstico de Saman\u00e1 contin\u00faa fortaleci\u00e9ndose gracias a la colaboraci\u00f3n entre los principales actores del sector. Recientemente El Cl\u00faster Tur\u00edstico de Saman\u00e1 y la Asociaci\u00f3n de Hoteles Tur\u00edsticos de Saman\u00e1 sostuvieron un encuentro estrat\u00e9gico con la Asociaci\u00f3n Dominicana de Prensa Tur\u00edstica (ADOMPRETUR), filial Saman\u00e1, con el objetivo de consolidar...<\/p>\n<\/div><div class=\"col-md-8 col-sm-12 col-xs-12 no-padding blog-listing-link xs-text-center sm-margin-three-bottom brando-post-meta \"><a href=\"https:\/\/paradalamanzana.com\/?cat=18\" class=\"text-small dark-gray-text text-uppercase font-weight-600 alt-font\" rel=\"category tag\">Turismo En Samana<\/a><a href=\"https:\/\/paradalamanzana.com\/?p=7116#respond\" class=\"comment\" >Leave a comment<\/a><\/div><div class=\"col-md-4 col-sm-12 col-xs-12 no-padding text-right sm-text-left xs-text-center\"><div class=\"blog-sharing sm-no-margin-tb\">\t\t\t\t\t\t\t\t\t\t<a href=\"http:\/\/www.facebook.com\/sharer.php?u=https:\/\/paradalamanzana.com\/?p=7116\" onclick=\"window.open(this.href,this.title,'width=500,height=500,top=300px,left=300px');  return false;\"  rel=\"nofollow\" target=\"_blank\" title=\"Alianza%20estrat%C3%A9gica%20para%20fortalecer%20el%20turismo%20en%20Saman%C3%A1%3A%20sector%20tur%C3%ADstico%20y%20prensa%20especializada%20unen%20esfuerzos\"><i class=\"fa-brands fa-facebook-f\"><\/i><\/a>\n\t\t\t\t\t\t\t\t\t\t\t\t\t\t\t\t\t\t\t\t<a href=\"https:\/\/twitter.com\/share?url=https:\/\/paradalamanzana.com\/?p=7116\" onclick=\"window.open(this.href,this.title,'width=500,height=500,top=300px,left=300px');  return false;\"  rel=\"nofollow\" target=\"_blank\" title=\"Alianza%20estrat%C3%A9gica%20para%20fortalecer%20el%20turismo%20en%20Saman%C3%A1%3A%20sector%20tur%C3%ADstico%20y%20prensa%20especializada%20unen%20esfuerzos\"><i class=\"fa-brands fa-x-twitter\"><\/i><\/a>\n\t\t\t\t\t\t\t\t\t\t\t\t\t\t\t\t\t\t\t\t<a href=\"http:\/\/linkedin.com\/shareArticle?mini=true&amp;url=https:\/\/paradalamanzana.com\/?p=7116&amp;title=Alianza%20estrat%C3%A9gica%20para%20fortalecer%20el%20turismo%20en%20Saman%C3%A1%3A%20sector%20tur%C3%ADstico%20y%20prensa%20especializada%20unen%20esfuerzos\" target=\"_blank\" onclick=\"window.open(this.href,this.title,'width=500,height=500,top=300px,left=300px');  return false;\"  rel=\"nofollow\" title=\"Alianza%20estrat%C3%A9gica%20para%20fortalecer%20el%20turismo%20en%20Saman%C3%A1%3A%20sector%20tur%C3%ADstico%20y%20prensa%20especializada%20unen%20esfuerzos\"><i class=\"fa-brands fa-linkedin-in\"><\/i><\/a>\n\t\t\t\t\t\t\t\t\t\t<\/div><\/div><div class=\"col-md-12 col-sm-12 col-xs-12 no-padding sm-text-left xs-text-center margin-four-tb\"><a href=\"https:\/\/paradalamanzana.com\/?p=7116\" class=\"btn-black btn btn-very-small no-margin\">Continue Reading<\/a><\/div><div class=\"col-md-12 col-sm-12 col-xs-12 no-padding\"><div class=\"bg-fast-yellow separator-line-thick no-margin-lr margin-three-all no-margin-bottom xs-margin-lr-auto\" style=\"height:4px !important;\"><\/div><\/div><\/div><\/article><\/div><div class=\"post-7083 post type-post status-publish format-standard has-post-thumbnail hentry category-turismo-en-samana\"><article class=\"blog-listing brando-blog-1\"><div class=\"col-md-2 col-sm-2 col-xs-12 text-center alt-font overflow-hidden no-padding-left sm-no-padding md-no-padding\"><div class=\"post-date xs-margin-lr-auto xs-no-margin-top fast-yellow-text published\"><span>21<\/span><div class=\"brando-date-month\">Ene 2026<\/div><\/div><time class=\"updated display-none\" datetime=\"2026-01-21T16:46:52+00:00\">Ene 2026<\/time><\/div><div class=\"col-md-10 col-sm-10 col-xs-12 post-details no-padding-right xs-no-padding-left margin-twelve-bottom xs-margin-eighteen-bottom\"><span class=\"alt-font display-block title-small xs-text-extra-large font-weight-600 sm-text-medium xs-text-center margin-four-bottom entry-title\"><a href=\"https:\/\/paradalamanzana.com\/?p=7083\">Temporada de Avistamiento de Ballenas Jorobadas en Saman\u00e1 2026: Gu\u00eda Completa para Visitantes<\/a><\/span><div class=\"blog-image\"><a href=\"https:\/\/paradalamanzana.com\/?p=7083\"><img loading=\"lazy\" decoding=\"async\" width=\"1200\" height=\"785\" src=\"https:\/\/paradalamanzana.com\/wp-content\/uploads\/2026\/01\/Por-que-las-ballenas-jorobadas-eligen-Samana-cada-ano.jpg\" class=\"attachment-full size-full wp-post-image\" alt=\"\" srcset=\"https:\/\/paradalamanzana.com\/wp-content\/uploads\/2026\/01\/Por-que-las-ballenas-jorobadas-eligen-Samana-cada-ano.jpg 1200w, https:\/\/paradalamanzana.com\/wp-content\/uploads\/2026\/01\/Por-que-las-ballenas-jorobadas-eligen-Samana-cada-ano-300x196.jpg 300w, https:\/\/paradalamanzana.com\/wp-content\/uploads\/2026\/01\/Por-que-las-ballenas-jorobadas-eligen-Samana-cada-ano-1024x670.jpg 1024w, https:\/\/paradalamanzana.com\/wp-content\/uploads\/2026\/01\/Por-que-las-ballenas-jorobadas-eligen-Samana-cada-ano-768x502.jpg 768w, https:\/\/paradalamanzana.com\/wp-content\/uploads\/2026\/01\/Por-que-las-ballenas-jorobadas-eligen-Samana-cada-ano-420x275.jpg 420w, https:\/\/paradalamanzana.com\/wp-content\/uploads\/2026\/01\/Por-que-las-ballenas-jorobadas-eligen-Samana-cada-ano-1070x700.jpg 1070w, https:\/\/paradalamanzana.com\/wp-content\/uploads\/2026\/01\/Por-que-las-ballenas-jorobadas-eligen-Samana-cada-ano-177x116.jpg 177w\" sizes=\"auto, (max-width: 1200px) 100vw, 1200px\" \/><\/a><\/div><div class=\"margin-five-tb xs-margin-three-tb entry-content\"><p>La Bah\u00eda de Saman\u00e1 En la Rep\u00fablica Dominicana, vuelve a convertirse en uno de los destinos naturales m\u00e1s extraordinarios del Caribe durante la temporada de avistamiento de ballenas jorobadas 2026. Cada a\u00f1o, cientos de estos majestuosos mam\u00edferos marinos migran desde las fr\u00edas aguas del Atl\u00e1ntico Norte hasta las c\u00e1lidas y...<\/p>\n<\/div><div class=\"col-md-8 col-sm-12 col-xs-12 no-padding blog-listing-link xs-text-center sm-margin-three-bottom brando-post-meta \"><a href=\"https:\/\/paradalamanzana.com\/?cat=18\" class=\"text-small dark-gray-text text-uppercase font-weight-600 alt-font\" rel=\"category tag\">Turismo En Samana<\/a><a href=\"https:\/\/paradalamanzana.com\/?p=7083#respond\" class=\"comment\" >Leave a comment<\/a><\/div><div class=\"col-md-4 col-sm-12 col-xs-12 no-padding text-right sm-text-left xs-text-center\"><div class=\"blog-sharing sm-no-margin-tb\">\t\t\t\t\t\t\t\t\t\t<a href=\"http:\/\/www.facebook.com\/sharer.php?u=https:\/\/paradalamanzana.com\/?p=7083\" onclick=\"window.open(this.href,this.title,'width=500,height=500,top=300px,left=300px');  return false;\"  rel=\"nofollow\" target=\"_blank\" title=\"Temporada%20de%20Avistamiento%20de%20Ballenas%20Jorobadas%20en%20Saman%C3%A1%202026%3A%20Gu%C3%ADa%20Completa%20para%20Visitantes\"><i class=\"fa-brands fa-facebook-f\"><\/i><\/a>\n\t\t\t\t\t\t\t\t\t\t\t\t\t\t\t\t\t\t\t\t<a href=\"https:\/\/twitter.com\/share?url=https:\/\/paradalamanzana.com\/?p=7083\" onclick=\"window.open(this.href,this.title,'width=500,height=500,top=300px,left=300px');  return false;\"  rel=\"nofollow\" target=\"_blank\" title=\"Temporada%20de%20Avistamiento%20de%20Ballenas%20Jorobadas%20en%20Saman%C3%A1%202026%3A%20Gu%C3%ADa%20Completa%20para%20Visitantes\"><i class=\"fa-brands fa-x-twitter\"><\/i><\/a>\n\t\t\t\t\t\t\t\t\t\t\t\t\t\t\t\t\t\t\t\t<a href=\"http:\/\/linkedin.com\/shareArticle?mini=true&amp;url=https:\/\/paradalamanzana.com\/?p=7083&amp;title=Temporada%20de%20Avistamiento%20de%20Ballenas%20Jorobadas%20en%20Saman%C3%A1%202026%3A%20Gu%C3%ADa%20Completa%20para%20Visitantes\" target=\"_blank\" onclick=\"window.open(this.href,this.title,'width=500,height=500,top=300px,left=300px');  return false;\"  rel=\"nofollow\" title=\"Temporada%20de%20Avistamiento%20de%20Ballenas%20Jorobadas%20en%20Saman%C3%A1%202026%3A%20Gu%C3%ADa%20Completa%20para%20Visitantes\"><i class=\"fa-brands fa-linkedin-in\"><\/i><\/a>\n\t\t\t\t\t\t\t\t\t\t<\/div><\/div><div class=\"col-md-12 col-sm-12 col-xs-12 no-padding sm-text-left xs-text-center margin-four-tb\"><a href=\"https:\/\/paradalamanzana.com\/?p=7083\" class=\"btn-black btn btn-very-small no-margin\">Continue Reading<\/a><\/div><div class=\"col-md-12 col-sm-12 col-xs-12 no-padding\"><div class=\"bg-fast-yellow separator-line-thick no-margin-lr margin-three-all no-margin-bottom xs-margin-lr-auto\" style=\"height:4px !important;\"><\/div><\/div><\/div><\/article><\/div><\/div><\/div><\/div><\/div><\/div><\/section>","protected":false},"excerpt":{"rendered":"<p>La Bah\u00eda de Saman\u00e1 En la Rep\u00fablica Dominicana, vuelve a convertirse en uno de los destinos naturales m\u00e1s extraordinarios del Caribe durante la temporada de avistamiento de ballenas jorobadas 2026. Cada a\u00f1o, cientos de estos majestuosos mam\u00edferos marinos migran desde las fr\u00edas aguas del Atl\u00e1ntico Norte hasta las c\u00e1lidas y protegidas aguas de Saman\u00e1 para [&hellip;]<\/p>\n","protected":false},"author":1,"featured_media":0,"parent":0,"menu_order":0,"comment_status":"closed","ping_status":"closed","template":"","meta":{"_joinchat":[],"footnotes":""},"class_list":["post-175","page","type-page","status-publish","hentry"],"_hostinger_reach_plugin_has_subscription_block":false,"_hostinger_reach_plugin_is_elementor":false,"_links":{"self":[{"href":"https:\/\/paradalamanzana.com\/index.php?rest_route=\/wp\/v2\/pages\/175","targetHints":{"allow":["GET"]}}],"collection":[{"href":"https:\/\/paradalamanzana.com\/index.php?rest_route=\/wp\/v2\/pages"}],"about":[{"href":"https:\/\/paradalamanzana.com\/index.php?rest_route=\/wp\/v2\/types\/page"}],"author":[{"embeddable":true,"href":"https:\/\/paradalamanzana.com\/index.php?rest_route=\/wp\/v2\/users\/1"}],"replies":[{"embeddable":true,"href":"https:\/\/paradalamanzana.com\/index.php?rest_route=%2Fwp%2Fv2%2Fcomments&post=175"}],"version-history":[{"count":3,"href":"https:\/\/paradalamanzana.com\/index.php?rest_route=\/wp\/v2\/pages\/175\/revisions"}],"predecessor-version":[{"id":7134,"href":"https:\/\/paradalamanzana.com\/index.php?rest_route=\/wp\/v2\/pages\/175\/revisions\/7134"}],"wp:attachment":[{"href":"https:\/\/paradalamanzana.com\/index.php?rest_route=%2Fwp%2Fv2%2Fmedia&parent=175"}],"curies":[{"name":"wp","href":"https:\/\/api.w.org\/{rel}","templated":true}]}}

<section class="brando-row-1 no-padding"><div class="container"><div class="row"><div class="wpb_column brando-column-container brando-column-1 vc_col-sm-12 vc_col-xs-12 no-padding" data-front-class="brando-column-container brando-column-1 no-padding"><div class="vc-column-innner-wrapper"><div class="wpd-innner-wrapper"><div class="post-7116 post type-post status-publish format-standard has-post-thumbnail hentry category-turismo-en-samana"><article class="blog-listing brando-blog-1"><div class="col-md-2 col-sm-2 col-xs-12 text-center alt-font overflow-hidden no-padding-left sm-no-padding md-no-padding"><div class="post-date xs-margin-lr-auto xs-no-margin-top fast-yellow-text published"><span>21</span><div class="brando-date-month">Ene 2026</div></div><time class="updated display-none" datetime="2026-01-21T17:23:09+00:00">Ene 2026</time></div><div class="col-md-10 col-sm-10 col-xs-12 post-details no-padding-right xs-no-padding-left margin-twelve-bottom xs-margin-eighteen-bottom"><span class="alt-font display-block title-small xs-text-extra-large font-weight-600 sm-text-medium xs-text-center margin-four-bottom entry-title"><a href="https://paradalamanzana.com/?p=7116">Alianza estratégica para fortalecer el turismo en Samaná: sector turístico y prensa especializada unen esfuerzos</a></span><div class="blog-image"><a href="https://paradalamanzana.com/?p=7116"><img loading="lazy" decoding="async" width="1080" height="810" src="https://paradalamanzana.com/wp-content/uploads/2026/01/1766029928585.jpg" class="attachment-full size-full wp-post-image" alt="" srcset="https://paradalamanzana.com/wp-content/uploads/2026/01/1766029928585.jpg 1080w, https://paradalamanzana.com/wp-content/uploads/2026/01/1766029928585-300x225.jpg 300w, https://paradalamanzana.com/wp-content/uploads/2026/01/1766029928585-1024x768.jpg 1024w, https://paradalamanzana.com/wp-content/uploads/2026/01/1766029928585-768x576.jpg 768w, https://paradalamanzana.com/wp-content/uploads/2026/01/1766029928585-420x315.jpg 420w, https://paradalamanzana.com/wp-content/uploads/2026/01/1766029928585-933x700.jpg 933w, https://paradalamanzana.com/wp-content/uploads/2026/01/1766029928585-155x116.jpg 155w" sizes="auto, (max-width: 1080px) 100vw, 1080px" /></a></div><div class="margin-five-tb xs-margin-three-tb entry-content"><p>El desarrollo turístico de Samaná continúa fortaleciéndose gracias a la colaboración entre los principales actores del sector. Recientemente El Clúster Turístico de Samaná y la Asociación de Hoteles Turísticos de Samaná sostuvieron un encuentro estratégico con la Asociación Dominicana de Prensa Turística (ADOMPRETUR), filial Samaná, con el objetivo de consolidar...</p>
</div><div class="col-md-8 col-sm-12 col-xs-12 no-padding blog-listing-link xs-text-center sm-margin-three-bottom brando-post-meta "><a href="https://paradalamanzana.com/?cat=18" class="text-small dark-gray-text text-uppercase font-weight-600 alt-font" rel="category tag">Turismo En Samana</a><a href="https://paradalamanzana.com/?p=7116#respond" class="comment" >Leave a comment</a></div><div class="col-md-4 col-sm-12 col-xs-12 no-padding text-right sm-text-left xs-text-center"><div class="blog-sharing sm-no-margin-tb">										<a href="http://www.facebook.com/sharer.php?u=https://paradalamanzana.com/?p=7116" onclick="window.open(this.href,this.title,'width=500,height=500,top=300px,left=300px');  return false;"  rel="nofollow" target="_blank" title="Alianza%20estrat%C3%A9gica%20para%20fortalecer%20el%20turismo%20en%20Saman%C3%A1%3A%20sector%20tur%C3%ADstico%20y%20prensa%20especializada%20unen%20esfuerzos"><i class="fa-brands fa-facebook-f"></i></a>
																				<a href="https://twitter.com/share?url=https://paradalamanzana.com/?p=7116" onclick="window.open(this.href,this.title,'width=500,height=500,top=300px,left=300px');  return false;"  rel="nofollow" target="_blank" title="Alianza%20estrat%C3%A9gica%20para%20fortalecer%20el%20turismo%20en%20Saman%C3%A1%3A%20sector%20tur%C3%ADstico%20y%20prensa%20especializada%20unen%20esfuerzos"><i class="fa-brands fa-x-twitter"></i></a>
																				<a href="http://linkedin.com/shareArticle?mini=true&amp;url=https://paradalamanzana.com/?p=7116&amp;title=Alianza%20estrat%C3%A9gica%20para%20fortalecer%20el%20turismo%20en%20Saman%C3%A1%3A%20sector%20tur%C3%ADstico%20y%20prensa%20especializada%20unen%20esfuerzos" target="_blank" onclick="window.open(this.href,this.title,'width=500,height=500,top=300px,left=300px');  return false;"  rel="nofollow" title="Alianza%20estrat%C3%A9gica%20para%20fortalecer%20el%20turismo%20en%20Saman%C3%A1%3A%20sector%20tur%C3%ADstico%20y%20prensa%20especializada%20unen%20esfuerzos"><i class="fa-brands fa-linkedin-in"></i></a>
										</div></div><div class="col-md-12 col-sm-12 col-xs-12 no-padding sm-text-left xs-text-center margin-four-tb"><a href="https://paradalamanzana.com/?p=7116" class="btn-black btn btn-very-small no-margin">Continue Reading</a></div><div class="col-md-12 col-sm-12 col-xs-12 no-padding"><div class="bg-fast-yellow separator-line-thick no-margin-lr margin-three-all no-margin-bottom xs-margin-lr-auto" style="height:4px !important;"></div></div></div></article></div><div class="post-7083 post type-post status-publish format-standard has-post-thumbnail hentry category-turismo-en-samana"><article class="blog-listing brando-blog-1"><div class="col-md-2 col-sm-2 col-xs-12 text-center alt-font overflow-hidden no-padding-left sm-no-padding md-no-padding"><div class="post-date xs-margin-lr-auto xs-no-margin-top fast-yellow-text published"><span>21</span><div class="brando-date-month">Ene 2026</div></div><time class="updated display-none" datetime="2026-01-21T16:46:52+00:00">Ene 2026</time></div><div class="col-md-10 col-sm-10 col-xs-12 post-details no-padding-right xs-no-padding-left margin-twelve-bottom xs-margin-eighteen-bottom"><span class="alt-font display-block title-small xs-text-extra-large font-weight-600 sm-text-medium xs-text-center margin-four-bottom entry-title"><a href="https://paradalamanzana.com/?p=7083">Temporada de Avistamiento de Ballenas Jorobadas en Samaná 2026: Guía Completa para Visitantes</a></span><div class="blog-image"><a href="https://paradalamanzana.com/?p=7083"><img loading="lazy" decoding="async" width="1200" height="785" src="https://paradalamanzana.com/wp-content/uploads/2026/01/Por-que-las-ballenas-jorobadas-eligen-Samana-cada-ano.jpg" class="attachment-full size-full wp-post-image" alt="" srcset="https://paradalamanzana.com/wp-content/uploads/2026/01/Por-que-las-ballenas-jorobadas-eligen-Samana-cada-ano.jpg 1200w, https://paradalamanzana.com/wp-content/uploads/2026/01/Por-que-las-ballenas-jorobadas-eligen-Samana-cada-ano-300x196.jpg 300w, https://paradalamanzana.com/wp-content/uploads/2026/01/Por-que-las-ballenas-jorobadas-eligen-Samana-cada-ano-1024x670.jpg 1024w, https://paradalamanzana.com/wp-content/uploads/2026/01/Por-que-las-ballenas-jorobadas-eligen-Samana-cada-ano-768x502.jpg 768w, https://paradalamanzana.com/wp-content/uploads/2026/01/Por-que-las-ballenas-jorobadas-eligen-Samana-cada-ano-420x275.jpg 420w, https://paradalamanzana.com/wp-content/uploads/2026/01/Por-que-las-ballenas-jorobadas-eligen-Samana-cada-ano-1070x700.jpg 1070w, https://paradalamanzana.com/wp-content/uploads/2026/01/Por-que-las-ballenas-jorobadas-eligen-Samana-cada-ano-177x116.jpg 177w" sizes="auto, (max-width: 1200px) 100vw, 1200px" /></a></div><div class="margin-five-tb xs-margin-three-tb entry-content"><p>La Bahía de Samaná En la República Dominicana, vuelve a convertirse en uno de los destinos naturales más extraordinarios del Caribe durante la temporada de avistamiento de ballenas jorobadas 2026. Cada año, cientos de estos majestuosos mamíferos marinos migran desde las frías aguas del Atlántico Norte hasta las cálidas y...</p>
</div><div class="col-md-8 col-sm-12 col-xs-12 no-padding blog-listing-link xs-text-center sm-margin-three-bottom brando-post-meta "><a href="https://paradalamanzana.com/?cat=18" class="text-small dark-gray-text text-uppercase font-weight-600 alt-font" rel="category tag">Turismo En Samana</a><a href="https://paradalamanzana.com/?p=7083#respond" class="comment" >Leave a comment</a></div><div class="col-md-4 col-sm-12 col-xs-12 no-padding text-right sm-text-left xs-text-center"><div class="blog-sharing sm-no-margin-tb">										<a href="http://www.facebook.com/sharer.php?u=https://paradalamanzana.com/?p=7083" onclick="window.open(this.href,this.title,'width=500,height=500,top=300px,left=300px');  return false;"  rel="nofollow" target="_blank" title="Temporada%20de%20Avistamiento%20de%20Ballenas%20Jorobadas%20en%20Saman%C3%A1%202026%3A%20Gu%C3%ADa%20Completa%20para%20Visitantes"><i class="fa-brands fa-facebook-f"></i></a>
																				<a href="https://twitter.com/share?url=https://paradalamanzana.com/?p=7083" onclick="window.open(this.href,this.title,'width=500,height=500,top=300px,left=300px');  return false;"  rel="nofollow" target="_blank" title="Temporada%20de%20Avistamiento%20de%20Ballenas%20Jorobadas%20en%20Saman%C3%A1%202026%3A%20Gu%C3%ADa%20Completa%20para%20Visitantes"><i class="fa-brands fa-x-twitter"></i></a>
																				<a href="http://linkedin.com/shareArticle?mini=true&amp;url=https://paradalamanzana.com/?p=7083&amp;title=Temporada%20de%20Avistamiento%20de%20Ballenas%20Jorobadas%20en%20Saman%C3%A1%202026%3A%20Gu%C3%ADa%20Completa%20para%20Visitantes" target="_blank" onclick="window.open(this.href,this.title,'width=500,height=500,top=300px,left=300px');  return false;"  rel="nofollow" title="Temporada%20de%20Avistamiento%20de%20Ballenas%20Jorobadas%20en%20Saman%C3%A1%202026%3A%20Gu%C3%ADa%20Completa%20para%20Visitantes"><i class="fa-brands fa-linkedin-in"></i></a>
										</div></div><div class="col-md-12 col-sm-12 col-xs-12 no-padding sm-text-left xs-text-center margin-four-tb"><a href="https://paradalamanzana.com/?p=7083" class="btn-black btn btn-very-small no-margin">Continue Reading</a></div><div class="col-md-12 col-sm-12 col-xs-12 no-padding"><div class="bg-fast-yellow separator-line-thick no-margin-lr margin-three-all no-margin-bottom xs-margin-lr-auto" style="height:4px !important;"></div></div></div></article></div></div></div></div></div></div></section>

<p>La Bahía de Samaná En la República Dominicana, vuelve a convertirse en uno de los destinos naturales más extraordinarios del Caribe durante la temporada de avistamiento de ballenas jorobadas 2026. Cada año, cientos de estos majestuosos mamíferos marinos migran desde las frías aguas del Atlántico Norte hasta las cálidas y protegidas aguas de Samaná para [&hellip;]</p>
